{"id":172,"date":"2026-01-20T09:53:33","date_gmt":"2026-01-20T08:53:33","guid":{"rendered":"https:\/\/www.scanguest.app\/vila-triglav-pokljuka\/?page_id=172"},"modified":"2026-01-20T10:56:20","modified_gmt":"2026-01-20T09:56:20","slug":"kaj-poceti","status":"publish","type":"page","link":"https:\/\/www.scanguest.app\/vila-triglav-pokljuka\/kaj-poceti\/","title":{"rendered":"Kaj po\u010deti"},"content":{"rendered":"<p>[et_pb_section fb_built=&#8221;1&#8243; _builder_version=&#8221;4.27.4&#8243; _module_preset=&#8221;default&#8221; global_colors_info=&#8221;{}&#8221;][et_pb_row admin_label=&#8221;Vila Triglav logo&#8221; _builder_version=&#8221;4.27.5&#8243; _module_preset=&#8221;default&#8221; global_module=&#8221;125&#8243; saved_tabs=&#8221;all&#8221; global_colors_info=&#8221;{}&#8221;][et_pb_column type=&#8221;4_4&#8243; _builder_version=&#8221;4.16&#8243; _module_preset=&#8221;default&#8221; global_colors_info=&#8221;{}&#8221;][et_pb_image src=&#8221;https:\/\/www.scanguest.app\/vila-triglav-pokljuka\/wp-content\/uploads\/2026\/01\/Logo-Vila-Triglav.png&#8221; title_text=&#8221;Logo-Vila-Triglav&#8221; url=&#8221;https:\/\/www.scanguest.app\/vila-triglav-pokljuka\/info\/&#8221; align=&#8221;center&#8221; admin_label=&#8221;Vila Triglav logo&#8221; _builder_version=&#8221;4.27.5&#8243; _module_preset=&#8221;default&#8221; global_colors_info=&#8221;{}&#8221;][\/et_pb_image][\/et_pb_column][\/et_pb_row][et_pb_row _builder_version=&#8221;4.27.5&#8243; _module_preset=&#8221;default&#8221; global_colors_info=&#8221;{}&#8221;][et_pb_column type=&#8221;4_4&#8243; _builder_version=&#8221;4.27.5&#8243; _module_preset=&#8221;default&#8221; global_colors_info=&#8221;{}&#8221;][et_pb_text _builder_version=&#8221;4.27.5&#8243; _module_preset=&#8221;default&#8221; link_font=&#8221;||||on||||&#8221; link_text_color=&#8221;#F8A41B&#8221; global_colors_info=&#8221;{}&#8221;]<\/p>\n<h3>Aktivnosti<\/h3>\n<p><strong>Download our tracks<\/strong> \u2013 preverjene poti za aktivno raziskovanje okolice Bleda, Bohinja in Pokljuke.<br \/>Vse poti se odprejo v aplikaciji <strong>Komoot<\/strong> (nov zavihek).<\/p>\n<p><!-- KOLESARJENJE --><\/p>\n<h4>\ud83d\udeb4 <strong>Biking \/ Kolesarstvo<\/strong><\/h4>\n<p>Raznolike kolesarske ture po gozdnih cestah, planinah in ob jezerih. Primerne za rekreativne in bolj izku\u0161ene kolesarje.<\/p>\n<p><strong>Zajamniki<\/strong><br \/><a href=\"https:\/\/www.komoot.com\/tour\/67945689?ref=wtd\" target=\"_blank\" rel=\"noopener\">Odpri pot v Komoot<\/a><br \/><strong>Galetovec<\/strong><br \/><a href=\"https:\/\/www.komoot.com\/tour\/67947737?ref=wtd\" target=\"_blank\" rel=\"noopener\">Odpri pot v Komoot<\/a><br \/><strong>Bohinjsko jezero \u2013 Uskovnica<\/strong><br \/><a href=\"https:\/\/www.komoot.com\/tour\/1682522164?share_token=af32BepH9LB212ONoVREf4tAaTQqvQhVQSJWPjSCDVNZCN46sV&amp;ref=wtd\" target=\"_blank\" rel=\"noopener\">Odpri pot v Komoot<\/a><br \/><strong>Blejsko jezero<\/strong><br \/><a href=\"https:\/\/www.komoot.com\/tour\/1682557527?share_token=aDnEFdSGSVwGquJKyqoiiaDcjEOmnrOIYio1wiW1enZBY8zKah&amp;ref=wtd\" target=\"_blank\" rel=\"noopener\">Odpri pot v Komoot<\/a><\/p>\n<p><!-- POHODNI\u0160TVO --><\/p>\n<h4>\ud83e\udd7e <strong>Hiking \/ Pohodni\u0161tvo<\/strong><\/h4>\n<p>Pohodni\u0161ke poti do razglednih to\u010dk, planin, sotesk in naravnih znamenitosti. Priporo\u010damo primerno obutev in preverjanje vremena.<\/p>\n<p><strong>Blejska ko\u010da<\/strong><br \/><a href=\"https:\/\/www.komoot.com\/tour\/67406706?ref=wtd\" target=\"_blank\" rel=\"noopener\">Odpri pot v Komoot<\/a><br \/><strong>Vi\u0161evnik<\/strong><br \/><a href=\"https:\/\/www.komoot.com\/tour\/67303196?ref=wtd\" target=\"_blank\" rel=\"noopener\">Odpri pot v Komoot<\/a><br \/><strong>Zajamniki &amp; Uskovnica<\/strong><br \/><a href=\"https:\/\/www.komoot.com\/tour\/1682579989?share_token=a46iPO8os2RiJjezv4RFWZvmd1P4szOTpaB4BLxoLsjSSTFXh6&amp;ref=wtd\" target=\"_blank\" rel=\"noopener\">Odpri pot v Komoot<\/a><br \/><strong>Bohinjsko jezero<\/strong><br \/><a href=\"https:\/\/www.komoot.com\/tour\/67720637?ref=wtd\" target=\"_blank\" rel=\"noopener\">Odpri pot v Komoot<\/a><br \/><strong>Blejsko jezero<\/strong><br \/><a href=\"https:\/\/www.komoot.com\/tour\/67729978?ref=wtd\" target=\"_blank\" rel=\"noopener\">Odpri pot v Komoot<\/a><br \/><strong>Poklju\u0161ka soteska<\/strong><br \/><a href=\"https:\/\/www.komoot.com\/tour\/67724285?ref=wtd\" target=\"_blank\" rel=\"noopener\">Odpri pot v Komoot<\/a><br \/><strong>Soteska Mostnica<\/strong><br \/><a href=\"https:\/\/www.komoot.com\/tour\/67047768?ref=wtd\" target=\"_blank\" rel=\"noopener\">Odpri pot v Komoot<\/a><br \/><strong>Soteska Vintgar<\/strong><br \/><a href=\"https:\/\/www.komoot.com\/tour\/67727772?ref=wtd\" target=\"_blank\" rel=\"noopener\">Odpri pot v Komoot<\/a><br \/><strong>Vogar \u2013 razgledna to\u010dka<\/strong><br \/><a href=\"https:\/\/www.komoot.com\/tour\/67047119?ref=wtd\" target=\"_blank\" rel=\"noopener\">Odpri pot v Komoot<\/a><br \/><strong>Slap Savica<\/strong><br \/><a href=\"https:\/\/www.komoot.com\/tour\/67721428?ref=wtd\" target=\"_blank\" rel=\"noopener\">Odpri pot v Komoot<\/a><\/p>\n<p><!-- KRPLJANJE --><\/p>\n<h4>\u2744\ufe0f <strong>Snowshoeing \/ Krpljanje<\/strong><\/h4>\n<p>Zimske poti po zasne\u017eeni Pokljuki. Primerne le ob stabilnih zimskih razmerah in s primerno opremo.<\/p>\n<p><strong>Pokljuka \u2013 krplja\u0161ka pot<\/strong><br \/><a href=\"https:\/\/www.komoot.com\/tour\/2749025717?share_token=aUsp8xbkrfrrToS7IldjvEIcMpMTRKZ47l2Uv08OQtfh8IfYFE&amp;ref=wtd\" target=\"_blank\" rel=\"noopener\">Odpri pot v Komoot<\/a><\/p>\n<p><!-- DISCLAIMER --><em><br \/><strong>Varnostno obvestilo:<\/strong> Aktivnosti v naravi izvajate na lastno odgovornost. Pred za\u010detkom preverite vremenske razmere, zahtevnost poti in svojo telesno pripravljenost.<br \/>Vila Triglav podaja zgolj predloge poti in ne prevzema odgovornosti za nesre\u010de, po\u0161kodbe ali spremembe razmer na poti.<br \/><\/em><\/p>\n<p><em>Pridi kot gost \u2026 odidi kot prijatelj \u2026<\/em><\/p>\n<p>[\/et_pb_text][\/et_pb_column][\/et_pb_row][\/et_pb_section][et_pb_section fb_built=&#8221;1&#8243; _builder_version=&#8221;4.27.5&#8243; _module_preset=&#8221;default&#8221; background_color=&#8221;#FFFFFF&#8221; custom_padding=&#8221;0px||0px||true|false&#8221; sticky_position=&#8221;bottom&#8221; border_width_top=&#8221;1px&#8221; border_color_top=&#8221;#ededed&#8221; border_color_bottom=&#8221;#ededed&#8221; global_module=&#8221;49&#8243; saved_tabs=&#8221;all&#8221; global_colors_info=&#8221;{}&#8221;][et_pb_row column_structure=&#8221;1_4,1_4,1_4,1_4&#8243; use_custom_gutter=&#8221;on&#8221; gutter_width=&#8221;1&#8243; _builder_version=&#8221;4.27.5&#8243; _module_preset=&#8221;default&#8221; width=&#8221;94%&#8221; custom_padding=&#8221;6px||6px||true|false&#8221; custom_css_main_element=&#8221;display:flex;||align-items:center;||justify-content:center;||flex-wrap:nowrap;&#8221; global_colors_info=&#8221;{}&#8221;][et_pb_column type=&#8221;1_4&#8243; _builder_version=&#8221;4.27.5&#8243; _module_preset=&#8221;default&#8221; global_colors_info=&#8221;{}&#8221;][et_pb_blurb title=&#8221;Domov&#8221; url=&#8221;@ET-DC@eyJkeW5hbWljIjp0cnVlLCJjb250ZW50IjoiaG9tZV91cmwiLCJzZXR0aW5ncyI6e319@&#8221; use_icon=&#8221;on&#8221; font_icon=&#8221;&#xe074;||divi||400&#8243; icon_color=&#8221;#5C5C5C&#8221; image_icon_width=&#8221;24px&#8221; admin_label=&#8221;Domov&#8221; _builder_version=&#8221;4.27.5&#8243; _dynamic_attributes=&#8221;url&#8221; _module_preset=&#8221;8e5de146-fea5-4f68-ad46-b3f7b824da6a&#8221; header_font=&#8221;&#8211;et_global_body_font|600||on|||||&#8221; header_text_align=&#8221;center&#8221; header_text_color=&#8221;#5C5C5C&#8221; header_font_size=&#8221;10px&#8221; body_text_color=&#8221;#000000&#8243; max_width=&#8221;60px&#8221; module_alignment=&#8221;center&#8221; overflow-x=&#8221;visible&#8221; overflow-y=&#8221;visible&#8221; custom_padding=&#8221;5px|5px|5px|5px|true|true&#8221; animation=&#8221;off&#8221; custom_css_blurb_image=&#8221;margin-bottom: 0px;&#8221; custom_css_blurb_title=&#8221;padding-bottom: 0px;&#8221; border_radii=&#8221;on|5px|5px|5px|5px&#8221; border_color_all=&#8221;rgba(92,92,92,0.65)&#8221; border_color_all_image=&#8221;#FFFFFF&#8221; box_shadow_style=&#8221;preset4&#8243; box_shadow_horizontal=&#8221;0px&#8221; box_shadow_vertical=&#8221;0px&#8221; box_shadow_spread=&#8221;1px&#8221; box_shadow_color=&#8221;rgba(255,255,255,0.12)&#8221; icon_font_size=&#8221;24px&#8221; global_colors_info=&#8221;{}&#8221; icon_color__hover_enabled=&#8221;on|desktop&#8221; icon_color__hover=&#8221;#F8A41B&#8221; header_text_color__hover_enabled=&#8221;on|desktop&#8221; header_text_color__hover=&#8221;#F8A41B&#8221;][\/et_pb_blurb][\/et_pb_column][et_pb_column type=&#8221;1_4&#8243; _builder_version=&#8221;4.21.0&#8243; _module_preset=&#8221;default&#8221; global_colors_info=&#8221;{}&#8221;][et_pb_blurb title=&#8221;Info&#8221; url=&#8221;https:\/\/www.scanguest.app\/vila-triglav-pokljuka\/info\/&#8221; use_icon=&#8221;on&#8221; font_icon=&#8221;&#xf05a;||fa||900&#8243; icon_color=&#8221;#5C5C5C&#8221; image_icon_width=&#8221;24px&#8221; admin_label=&#8221;Info&#8221; _builder_version=&#8221;4.27.5&#8243; _module_preset=&#8221;8e5de146-fea5-4f68-ad46-b3f7b824da6a&#8221; header_font=&#8221;&#8211;et_global_body_font|600||on|||||&#8221; header_text_align=&#8221;center&#8221; header_text_color=&#8221;#5C5C5C&#8221; header_font_size=&#8221;10px&#8221; body_text_color=&#8221;#000000&#8243; max_width=&#8221;60px&#8221; module_alignment=&#8221;center&#8221; overflow-x=&#8221;visible&#8221; overflow-y=&#8221;visible&#8221; custom_padding=&#8221;5px|5px|5px|5px|true|true&#8221; animation=&#8221;off&#8221; link_option_url=&#8221;https:\/\/www.scanguest.app\/vila-triglav-pokljuka\/info\/&#8221; custom_css_blurb_image=&#8221;margin-bottom: 0px;&#8221; custom_css_blurb_title=&#8221;padding-bottom: 0px;&#8221; border_radii=&#8221;on|5px|5px|5px|5px&#8221; border_color_all=&#8221;rgba(92,92,92,0.65)&#8221; border_color_all_image=&#8221;#FFFFFF&#8221; box_shadow_style=&#8221;preset4&#8243; box_shadow_horizontal=&#8221;0px&#8221; box_shadow_vertical=&#8221;0px&#8221; box_shadow_spread=&#8221;1px&#8221; box_shadow_color=&#8221;rgba(255,255,255,0.12)&#8221; icon_font_size=&#8221;24px&#8221; global_colors_info=&#8221;{}&#8221; icon_color__hover=&#8221;#F8A41B&#8221; icon_color__hover_enabled=&#8221;on|desktop&#8221; header_text_color__hover=&#8221;#F8A41B&#8221; header_text_color__hover_enabled=&#8221;on|desktop&#8221;][\/et_pb_blurb][\/et_pb_column][et_pb_column type=&#8221;1_4&#8243; _builder_version=&#8221;4.16&#8243; _module_preset=&#8221;default&#8221; global_colors_info=&#8221;{}&#8221;][et_pb_blurb title=&#8221;Aktivnosti&#8221; url=&#8221;https:\/\/www.scanguest.si\/aktivnosti\/&#8221; url_new_window=&#8221;on&#8221; use_icon=&#8221;on&#8221; font_icon=&#8221;&#xf6ec;||fa||900&#8243; icon_color=&#8221;#5C5C5C&#8221; image_icon_width=&#8221;24px&#8221; admin_label=&#8221;Aktivnosti&#8221; _builder_version=&#8221;4.27.5&#8243; _module_preset=&#8221;8e5de146-fea5-4f68-ad46-b3f7b824da6a&#8221; header_font=&#8221;&#8211;et_global_body_font|600||on|||||&#8221; header_text_align=&#8221;center&#8221; header_text_color=&#8221;#5C5C5C&#8221; header_font_size=&#8221;10px&#8221; body_text_color=&#8221;#000000&#8243; max_width=&#8221;60px&#8221; module_alignment=&#8221;center&#8221; overflow-x=&#8221;visible&#8221; overflow-y=&#8221;visible&#8221; custom_padding=&#8221;5px|5px|5px|5px|true|true&#8221; animation=&#8221;off&#8221; link_option_url=&#8221;https:\/\/www.scanguest.si\/aktivnosti\/&#8221; link_option_url_new_window=&#8221;on&#8221; custom_css_blurb_image=&#8221;margin-bottom: 0px;&#8221; custom_css_blurb_title=&#8221;padding-bottom: 0px;&#8221; border_radii=&#8221;on|5px|5px|5px|5px&#8221; border_color_all=&#8221;rgba(92,92,92,0.65)&#8221; border_color_all_image=&#8221;#FFFFFF&#8221; box_shadow_style=&#8221;preset4&#8243; box_shadow_horizontal=&#8221;0px&#8221; box_shadow_vertical=&#8221;0px&#8221; box_shadow_spread=&#8221;1px&#8221; box_shadow_color=&#8221;rgba(255,255,255,0.12)&#8221; icon_font_size=&#8221;24px&#8221; global_colors_info=&#8221;{}&#8221; icon_color__hover=&#8221;#F8A41B&#8221; icon_color__hover_enabled=&#8221;on|desktop&#8221; header_text_color__hover=&#8221;#F8A41B&#8221; header_text_color__hover_enabled=&#8221;on|desktop&#8221;][\/et_pb_blurb][\/et_pb_column][et_pb_column type=&#8221;1_4&#8243; _builder_version=&#8221;4.21.0&#8243; _module_preset=&#8221;default&#8221; global_colors_info=&#8221;{}&#8221;][et_pb_blurb title=&#8221;WWW&#8221; url=&#8221;https:\/\/vilatriglav.com\/&#8221; url_new_window=&#8221;on&#8221; use_icon=&#8221;on&#8221; font_icon=&#8221;&#xe02b;||divi||400&#8243; icon_color=&#8221;#5C5C5C&#8221; image_icon_width=&#8221;24px&#8221; admin_label=&#8221;www&#8221; _builder_version=&#8221;4.27.5&#8243; _module_preset=&#8221;8e5de146-fea5-4f68-ad46-b3f7b824da6a&#8221; header_font=&#8221;&#8211;et_global_body_font|600||on|||||&#8221; header_text_align=&#8221;center&#8221; header_text_color=&#8221;#5C5C5C&#8221; header_font_size=&#8221;10px&#8221; body_text_color=&#8221;#000000&#8243; max_width=&#8221;60px&#8221; module_alignment=&#8221;center&#8221; overflow-x=&#8221;visible&#8221; overflow-y=&#8221;visible&#8221; custom_padding=&#8221;5px|5px|5px|5px|true|true&#8221; animation=&#8221;off&#8221; link_option_url=&#8221;https:\/\/vilatriglav.com\/&#8221; link_option_url_new_window=&#8221;on&#8221; custom_css_blurb_image=&#8221;margin-bottom: 0px;&#8221; custom_css_blurb_title=&#8221;padding-bottom: 0px;&#8221; border_radii=&#8221;on|5px|5px|5px|5px&#8221; border_color_all=&#8221;rgba(92,92,92,0.65)&#8221; border_color_all_image=&#8221;#FFFFFF&#8221; box_shadow_style=&#8221;preset4&#8243; box_shadow_horizontal=&#8221;0px&#8221; box_shadow_vertical=&#8221;0px&#8221; box_shadow_spread=&#8221;1px&#8221; box_shadow_color=&#8221;rgba(255,255,255,0.12)&#8221; icon_font_size=&#8221;24px&#8221; global_colors_info=&#8221;{}&#8221; icon_color__hover=&#8221;#F8A41B&#8221; icon_color__hover_enabled=&#8221;on|desktop&#8221; header_text_color__hover=&#8221;#F8A41B&#8221; header_text_color__hover_enabled=&#8221;on|desktop&#8221;][\/et_pb_blurb][\/et_pb_column][\/et_pb_row][\/et_pb_section]<\/p>\n","protected":false},"excerpt":{"rendered":"<p>Aktivnosti Download our tracks \u2013 preverjene poti za aktivno raziskovanje okolice Bleda, Bohinja in Pokljuke.Vse poti se odprejo v aplikaciji Komoot (nov zavihek). \ud83d\udeb4 Biking \/ Kolesarstvo Raznolike kolesarske ture po gozdnih cestah, planinah in ob jezerih. Primerne za rekreativne in bolj izku\u0161ene kolesarje. ZajamnikiOdpri pot v KomootGaletovecOdpri pot v KomootBohinjsko jezero \u2013 UskovnicaOdpri pot [&hellip;]<\/p>\n","protected":false},"author":1,"featured_media":196,"parent":0,"menu_order":7,"comment_status":"closed","ping_status":"closed","template":"page-template-blank.php","meta":{"_et_pb_use_builder":"on","_et_pb_old_content":"","_et_gb_content_width":"","footnotes":""},"difl_page_category":[],"class_list":["post-172","page","type-page","status-publish","has-post-thumbnail","hentry"],"_links":{"self":[{"href":"https:\/\/www.scanguest.app\/vila-triglav-pokljuka\/wp-json\/wp\/v2\/pages\/172","targetHints":{"allow":["GET"]}}],"collection":[{"href":"https:\/\/www.scanguest.app\/vila-triglav-pokljuka\/wp-json\/wp\/v2\/pages"}],"about":[{"href":"https:\/\/www.scanguest.app\/vila-triglav-pokljuka\/wp-json\/wp\/v2\/types\/page"}],"author":[{"embeddable":true,"href":"https:\/\/www.scanguest.app\/vila-triglav-pokljuka\/wp-json\/wp\/v2\/users\/1"}],"replies":[{"embeddable":true,"href":"https:\/\/www.scanguest.app\/vila-triglav-pokljuka\/wp-json\/wp\/v2\/comments?post=172"}],"version-history":[{"count":5,"href":"https:\/\/www.scanguest.app\/vila-triglav-pokljuka\/wp-json\/wp\/v2\/pages\/172\/revisions"}],"predecessor-version":[{"id":232,"href":"https:\/\/www.scanguest.app\/vila-triglav-pokljuka\/wp-json\/wp\/v2\/pages\/172\/revisions\/232"}],"wp:featuredmedia":[{"embeddable":true,"href":"https:\/\/www.scanguest.app\/vila-triglav-pokljuka\/wp-json\/wp\/v2\/media\/196"}],"wp:attachment":[{"href":"https:\/\/www.scanguest.app\/vila-triglav-pokljuka\/wp-json\/wp\/v2\/media?parent=172"}],"wp:term":[{"taxonomy":"difl_page_category","embeddable":true,"href":"https:\/\/www.scanguest.app\/vila-triglav-pokljuka\/wp-json\/wp\/v2\/difl_page_category?post=172"}],"curies":[{"name":"wp","href":"https:\/\/api.w.org\/{rel}","templated":true}]}}